 in base 14?
571c
What is -11010111101011 (base 2) in base 7?
-55146
What is -1012220 (base 3) in base 5?
-12023
Convert 1585 (base 14) to base 3.
12021021
628 (base 13) to base 6
4504
What is -2c3 (base 16) in base 6?
-3135
Convert 1011110 (base 4) to base 2.
1000101010100
What is -432 (base 12) in base 15?
-2ae
-6091 (base 10) to base 16
-17cb
Convert 143 (base 14) to base 12.
193
What is 13204 (base 6) in base 7?
5614
Convert -2212 (base 8) to base 16.
-48a
What is 33103 (base 5) in base 13?
1063
Convert 4304 (base 6) to base 13.
5a1
What is 310 (base 13) in base 5?
4040
1140 (base 7) to base 8
644
Convert -112202 (base 3) to base 6.
-1502
What is 3240 (base 7) in base 9?
1523
Convert -3432 (base 7) to base 16.
-4e0
Convert -1a73 (base 13) to base 6.
-30233
Convert -10e9c (base 15) to base 6.
-1053350
Convert 2262 (base 9) to base 2.
11010001100
e (base 16) to base 10
14
What is -2012221 (base 3) in base 16?
-652
What is -36c (base 16) in base 13?
-525
-303330 (base 4) to base 7
-12456
What is 11011110010 (base 2) in base 12?
1042
-631 (base 8) to base 5
-3114
1660 (base 9) to base 4
103311
What is 1213403 (base 5) in base 2?
101100111000010
-1be (base 15) to base 6
-1512
Convert -14671 (base 12) to base 3.
-1110020011
What is 349 (base 11) in base 8?
640
Convert -8562 (base 9) to base 10.
-6293
551 (base 6) to base 12
157
Convert -3220 (base 9) to base 12.
-1453
-582 (base 16) to base 3
-1221020
Convert -6a0 (base 11) to base 3.
-1010222
What is 154263 (base 7) in base 15?
8ebc
Convert -12213 (base 4) to base 15.
-1d3
What is -123501 (base 8) in base 11?
-2a195
110010000 (base 2) to base 6
1504
What is -1369 (base 12) in base 6?
-14213
Convert a (base 13) to base 11.
a
What is -175 (base 16) in base 14?
-1c9
Convert 341 (base 8) to base 16.
e1
a2 (base 14) to base 8
216
Convert -10000001101 (base 2) to base 14.
-541
35470 (base 8) to base 14
574c
Convert 1201012 (base 3) to base 15.
582
What is 3063 (base 7) in base 11?
897
Convert -672 (base 15) to base 7.
-4151
What is -101012010 (base 3) in base 16?
-1d04
10524 (base 10) to base 13
4a37
Convert -4c (base 16) to base 8.
-114
Convert -110000100110 (base 2) to base 12.
-1972
What is -52657 (base 10) in base 13?
-1ac77
Convert 815b (base 12) to base 4.
3123113
-14310 (base 5) to base 3
-1122122
21440 (base 5) to base 16
5d7
Convert 30209 (base 12) to base 2.
1111010000101001
45a (base 11) to base 8
1045
What is -a0 (base 12) in base 7?
-231
Convert -391a (base 15) to base 3.
-121200221
Convert -1111101010 (base 2) to base 15.
-46c
What is 22002 (base 3) in base 15?
e8
What is -1120 (base 8) in base 12?
-414
Convert 411041 (base 5) to base 15.
3deb
Convert -358 (base 12) to base 4.
-13310
Convert 25403 (base 7) to base 2.
1101000111100
-32522 (base 11) to base 13
-1864b
10010000010 (base 2) to base 16
482
1002433 (base 5) to base 15
4b13
-1445 (base 12) to base 16
-935
Convert 273 (base 11) to base 16.
142
Convert 111011111001 (base 2) to base 5.
110313
What is 32 (base 14) in base 12?
38
25753 (base 11) to base 2
1000111111101010
Convert 230213 (base 4) to base 7.
11216
What is -556 (base 9) in base 2?
-111001000
-14a (base 13) to base 15
-106
What is -1b4 (base 13) in base 12?
-224
-7b84 (base 12) to base 2
-11010111010100
Convert 27 (base 8) to base 4.
113
Convert -1b258 (base 12) to base 13.
-15338
-1010011010 (base 2) to base 4
-22122
What is 201032 (base 4) in base 3?
2220202
Convert -1276 (base 8) to base 4.
-22332
Convert -101111010001101 (base 2) to base 11.
-17205
1010101110 (base 2) to base 12
492
Convert 13b80 (base 16) to base 6.
1421532
Convert -53d (base 14) to base 16.
-40b
-3057 (base 10) to base 9
-4166
What is dd9 (base 15) in base 7?
12060
What is 13655 (base 7) in base 11?
2912
What is 11012020 (base 3) in base 6?
22053
Convert -237 (base 12) to base 11.
-281
-102023 (base 6) to base 7
-32655
8023 (base 10) to base 13
3862
What is -4a06 (base 14) in base 13?
-5b77
What is 3153 (base 6) in base 14?
393
Convert -13132 (base 4) to base 3.
-122201
4440 (base 5) to base 16
26c
What is -34194 (base 10) in base 16?
-8592
Convert -815 (base 11) to base 13.
-5a9
What is 220210 (base 6) in base 7?
104061
What is 1665 (base 8) in base 13?
580
Convert 22c5 (base 14) to base 5.
143203
What is 6333 (base 9) in base 5?
122042
What is -784 (base 11) in base 15?
-429
What is -18901 (base 10) in base 3?
-221221001
What is -140353 (base 7) in base 14?
-999a
7 (base 10) to base 14
7
Convert -24135 (base 9) to base 15.
-4bbb
Convert -1021222 (base 3) to base 16.
-3b0
16362 (base 7) to base 15
15a0
Convert -4716 (base 12) to base 2.
-1111100000010
20562 (base 8) to base 15
280c
2344 (base 16) to base 5
242103
Convert -143 (base 10) to base 5.
-1033
What is -30450 (base 7) in base 12?
-4376
What is 44412 (base 5) in base 14?
11bd
What is -153145 (base 6) in base 8?
-35171
What is 1221111 (base 3) in base 13?
850
What is -12d3 (base 14) in base 6?
-23213
Convert 10010010100110 (base 2) to base 11.
705a
22451 (base 9) to base 4
3221212
What is 10000000110000100 (base 2) in base 4?
100012010
What is 87a (base 11) in base 14?
555
Convert b86 (base 13) to base 11.
1530
Convert 1b67 (base 15) to base 13.
2926
What is -32442 (base 5) in base 11?
-1763
Convert -146 (base 12) to base 11.
-170
Convert 4405 (base 6) to base 15.
478
Convert -135 (base 8) to base 12.
-79
-297 (base 14) to base 4
-20031
ca7 (base 15) to base 6
21121
2364 (base 8) to base 15
598
a291 (base 13) to base 2
101011110011010
Convert 412 (base 8) to base 4.
10022
What is 12670 (base 8) in base 15?
19aa
26596 (base 11) to base 7
215503
What is 2b58 (base 13) in base 11?
4831
What is 61662 (base 10) in base 12?
2b826
-100021 (base 3) to base 12
-18a
Convert -223113 (base 4) to base 12.
-1733
-351523 (base 7) to base 2
-1111011000110111
What is -255 (base 15) in base 7?
-1355
What is -4423 (base 8) in base 9?
-3161
Convert -15870 (base 10) to base 13.
-72ba
What is -11101001000001 (base 2) in base 15?
-4643
What is 3b86 (base 12) in base 15?
2080
Convert -7955 (base 14) to base 6.
-241235
What is 10001010 (base 2) in base 15?
93
Convert 1c9d (base 16) to base 10.
7325
Convert 102213013 (base 4) to base 14.
1dad1
What is -432 (base 14) in base 4?
-30330
What is 3b4 (base 16) in base 13?
57c
What is -abf (base 16) in base 3?
-10202220
Convert -2224044 (base 5) to base 14.
-10454
Convert -4522 (base 8) to base 15.
-a91
17511 (base 10) to base 4
10101213
Convert 63d2 (base 14) to base 16.
4354
1018 (base 9) to base 12
522
Convert -23b (base 14) to base 9.
-544
10202 (base 5) to base 7
1655
What is -574 (base 8) in base 2?
-101111100
What is 2397 (base 12) in base 7?
14446
Convert 1add (base 14) to base 10.
4899
-6026 (base 7) to base 9
-2758
20116 (base 11) to base 5
1420140
b19 (base 13) to base 8
3531
-4441 (base 5) to base 12
-439
Convert 140c9 (base 14) to base 15.
ea49
Convert -100023 (base 6) to base 12.
-4613
2412 (base 8) to base 10
1290
What is 23230 (base 4) in base 3?
1000201
-12003 (base 4) to base 7
-1062
What is 1101000111000101 (base 2) in base 13?
1b59b
What is 18da (base 14) in base 2?
1000110011000
Convert -2200 (base 6) to base 13.
-2ca
What is -51263 (base 7) in base 4?
-3003023
Convert 23023 (base 6) to base 3.
11110120
Convert 42117 (base 10) to base 13.
1622a
14a (base 14) to base 13
172
What is -133240 (base 5) in base 16?
-1545
Convert -10000101101 (base 2) to base 12.
-751
Convert 2253 (base 14) to base 12.
3541
Convert 125 (base 9) to base 7.
206
What is 242b (base 14) in base 7?
24254
-5007 (base 9) to base 12
-2144
Convert -1010102100 (base 3) to base 2.
-101011010100000
Convert 5861 (base 15) to base 11.
13110
Convert -70 (base 15) to base 6.
-253
What is 2321311 (base 4) in base 14?
4497
200340 (base 8) to base 13
23c16
557 (base 10) to base 7
1424
What is 281 (base 14) in base 16?
1f9
Convert 302 (base 9) to base 2.
11110101
Convert 333332 (base 4) to base 6.
30542
Convert 1848 (base 9) to base 2.
10110001101
What is 1336 (base 9) in base 4?
33231
-11660 (base 7) to base 16
-c08
Convert -573 (base 11) to base 12.
-491
796 (base 11) to base 2
1110111000
Convert 100121202 (base 3) to base 4.
1231211
5c70 (base 13) to base 14
4ac0
What is -213133 (base 5) in base 12?
-4279
2284 (base 14) to base 7
23324
W